[INFO] cloning repository https://github.com/chbatey/rust-intro
[INFO] running `Command { std: "git" "-c" "credential.helper=" "-c" "credential.helper=/workspace/cargo-home/bin/git-credential-null" "clone" "--bare" "https://github.com/chbatey/rust-intro" "/workspace/cache/git-repos/https%3A%2F%2Fgithub.com%2Fchbatey%2Frust-intro", kill_on_drop: false }`
[INFO] [stderr] Cloning into bare repository '/workspace/cache/git-repos/https%3A%2F%2Fgithub.com%2Fchbatey%2Frust-intro'...
[INFO] running `Command { std: "git" "rev-parse" "HEAD", kill_on_drop: false }`
[INFO] [stdout] e1a25f054aa2af3dc7f5b45bf3e1c880a28ecfa6
[INFO] checking chbatey/rust-intro against master#e6e4f7ed1589e03bc2f6c5931c1a72e7947e8682 for beta-170-4
[INFO] running `Command { std: "git" "clone" "/workspace/cache/git-repos/https%3A%2F%2Fgithub.com%2Fchbatey%2Frust-intro" "/workspace/builds/worker-1-tc2/source", kill_on_drop: false }`
[INFO] [stderr] Cloning into '/workspace/builds/worker-1-tc2/source'...
[INFO] [stderr] done.
[INFO] validating manifest of git repo https://github.com/chbatey/rust-intro on toolchain e6e4f7ed1589e03bc2f6c5931c1a72e7947e8682
[INFO] running `Command { std: CARGO_HOME="/workspace/cargo-home" RUSTUP_HOME="/workspace/rustup-home" "/workspace/cargo-home/bin/cargo" "+e6e4f7ed1589e03bc2f6c5931c1a72e7947e8682" "metadata" "--manifest-path" "Cargo.toml" "--no-deps", kill_on_drop: false }`
[INFO] started tweaking git repo https://github.com/chbatey/rust-intro
[INFO] finished tweaking git repo https://github.com/chbatey/rust-intro
[INFO] tweaked toml for git repo https://github.com/chbatey/rust-intro written to /workspace/builds/worker-1-tc2/source/Cargo.toml
[INFO] crate git repo https://github.com/chbatey/rust-intro already has a lockfile, it will not be regenerated
[INFO] running `Command { std: CARGO_HOME="/workspace/cargo-home" RUSTUP_HOME="/workspace/rustup-home" "/workspace/cargo-home/bin/cargo" "+e6e4f7ed1589e03bc2f6c5931c1a72e7947e8682" "fetch" "--manifest-path" "Cargo.toml", kill_on_drop: false }`
[INFO] running `Command { std: "docker" "create" "-v" "/var/lib/crater-agent-workspace/builds/worker-1-tc2/target:/opt/rustwide/target:rw,Z" "-v" "/var/lib/crater-agent-workspace/builds/worker-1-tc2/source:/opt/rustwide/workdir:ro,Z" "-v" "/var/lib/crater-agent-workspace/cargo-home:/opt/rustwide/cargo-home:ro,Z" "-v" "/var/lib/crater-agent-workspace/rustup-home:/opt/rustwide/rustup-home:ro,Z" "-e" "SOURCE_DIR=/opt/rustwide/workdir" "-e" "CARGO_TARGET_DIR=/opt/rustwide/target" "-e" "CARGO_HOME=/opt/rustwide/cargo-home" "-e" "RUSTUP_HOME=/opt/rustwide/rustup-home" "-w" "/opt/rustwide/workdir" "-m" "1610612736" "--user" "0:0" "--network" "none" "ghcr.io/rust-lang/crates-build-env/linux@sha256:19e73879b68f455e41552ea35293514db52ea292d993f571636dbffedb77a1ee" "/opt/rustwide/cargo-home/bin/cargo" "+e6e4f7ed1589e03bc2f6c5931c1a72e7947e8682" "metadata" "--no-deps" "--format-version=1", kill_on_drop: false }`
[INFO] [stdout] 134c934157c6c7efbfa6a05a050d4b0bbbb7a5d33aba666e6188499b8ece7a6a
[INFO] running `Command { std: "docker" "start" "-a" "134c934157c6c7efbfa6a05a050d4b0bbbb7a5d33aba666e6188499b8ece7a6a", kill_on_drop: false }`
[INFO] running `Command { std: "docker" "inspect" "134c934157c6c7efbfa6a05a050d4b0bbbb7a5d33aba666e6188499b8ece7a6a", kill_on_drop: false }`
[INFO] running `Command { std: "docker" "rm" "-f" "134c934157c6c7efbfa6a05a050d4b0bbbb7a5d33aba666e6188499b8ece7a6a", kill_on_drop: false }`
[INFO] [stdout] 134c934157c6c7efbfa6a05a050d4b0bbbb7a5d33aba666e6188499b8ece7a6a
[INFO] running `Command { std: "docker" "create" "-v" "/var/lib/crater-agent-workspace/builds/worker-1-tc2/target:/opt/rustwide/target:rw,Z" "-v" "/var/lib/crater-agent-workspace/builds/worker-1-tc2/source:/opt/rustwide/workdir:ro,Z" "-v" "/var/lib/crater-agent-workspace/cargo-home:/opt/rustwide/cargo-home:ro,Z" "-v" "/var/lib/crater-agent-workspace/rustup-home:/opt/rustwide/rustup-home:ro,Z" "-e" "SOURCE_DIR=/opt/rustwide/workdir" "-e" "CARGO_TARGET_DIR=/opt/rustwide/target" "-e" "CARGO_INCREMENTAL=0" "-e" "RUST_BACKTRACE=full" "-e" "RUSTFLAGS=--cap-lints=forbid" "-e" "RUSTDOCFLAGS=--cap-lints=forbid" "-e" "CARGO_HOME=/opt/rustwide/cargo-home" "-e" "RUSTUP_HOME=/opt/rustwide/rustup-home" "-w" "/opt/rustwide/workdir" "-m" "1610612736" "--user" "0:0" "--network" "none" "ghcr.io/rust-lang/crates-build-env/linux@sha256:19e73879b68f455e41552ea35293514db52ea292d993f571636dbffedb77a1ee" "/opt/rustwide/cargo-home/bin/cargo" "+e6e4f7ed1589e03bc2f6c5931c1a72e7947e8682" "check" "--frozen" "--all" "--all-targets" "--message-format=json", kill_on_drop: false }`
[INFO] [stdout] e233a03286cede7f5785a0397475bb73b6506acc56790e6035168f8e03f2b175
[INFO] running `Command { std: "docker" "start" "-a" "e233a03286cede7f5785a0397475bb73b6506acc56790e6035168f8e03f2b175", kill_on_drop: false }`
[INFO] [stderr]     Checking intro v0.0.1 (/opt/rustwide/workdir)
[INFO] [stdout] error[E0412]: cannot find type `int` in this scope
[INFO] [stdout]  --> src/lib.rs:1:19
[INFO] [stdout]   |
[INFO] [stdout] 1 | pub fn add_one(x: int) -> int {
[INFO] [stdout]   |                   ^^^
[INFO] [stdout]   |                   |
[INFO] [stdout]   |                   not found in this scope
[INFO] [stdout]   |                   help: perhaps you intended to use this type: `i32`
[INFO] [stdout] 
[INFO] [stdout] 
[INFO] [stdout] error[E0412]: cannot find type `int` in this scope
[INFO] [stdout]  --> src/lib.rs:1:19
[INFO] [stdout]   |
[INFO] [stdout] 1 | pub fn add_one(x: int) -> int {
[INFO] [stdout]   |                   ^^^
[INFO] [stdout]   |                   |
[INFO] [stdout]   |                   not found in this scope
[INFO] [stdout]   |                   help: perhaps you intended to use this type: `i32`
[INFO] [stdout] 
[INFO] [stdout] 
[INFO] [stdout] error[E0412]: cannot find type `int` in this scope
[INFO] [stdout]  --> src/lib.rs:1:27
[INFO] [stdout]   |
[INFO] [stdout] 1 | pub fn add_one(x: int) -> int {
[INFO] [stdout]   |                           ^^^
[INFO] [stdout]   |                           |
[INFO] [stdout]   |                           not found in this scope
[INFO] [stdout]   |                           help: perhaps you intended to use this type: `i32`
[INFO] [stdout] 
[INFO] [stdout] 
[INFO] [stdout] error[E0412]: cannot find type `int` in this scope
[INFO] [stdout]  --> src/lib.rs:1:27
[INFO] [stdout]   |
[INFO] [stdout] 1 | pub fn add_one(x: int) -> int {
[INFO] [stdout]   |                           ^^^
[INFO] [stdout]   |                           |
[INFO] [stdout]   |                           not found in this scope
[INFO] [stdout]   |                           help: perhaps you intended to use this type: `i32`
[INFO] [stdout] 
[INFO] [stdout] 
[INFO] [stdout] error[E0412]: cannot find type `int` in this scope
[INFO] [stdout]  --> src/lib.rs:5:15
[INFO] [stdout]   |
[INFO] [stdout] 5 | fn add_two(x: int) -> int {
[INFO] [stdout]   |               ^^^
[INFO] [stdout]   |               |
[INFO] [stdout]   |               not found in this scope
[INFO] [stdout]   |               help: perhaps you intended to use this type: `i32`
[INFO] [stdout] 
[INFO] [stdout] 
[INFO] [stdout] error[E0412]: cannot find type `int` in this scope
[INFO] [stdout]  --> src/lib.rs:5:15
[INFO] [stdout]   |
[INFO] [stdout] 5 | fn add_two(x: int) -> int {
[INFO] [stdout]   |               ^^^
[INFO] [stdout]   |               |
[INFO] [stdout]   |               not found in this scope
[INFO] [stdout]   |               help: perhaps you intended to use this type: `i32`
[INFO] [stdout] 
[INFO] [stdout] 
[INFO] [stdout] error[E0412]: cannot find type `int` in this scope
[INFO] [stdout]  --> src/lib.rs:5:23
[INFO] [stdout]   |
[INFO] [stdout] 5 | fn add_two(x: int) -> int {
[INFO] [stdout]   |                       ^^^
[INFO] [stdout]   |                       |
[INFO] [stdout]   |                       not found in this scope
[INFO] [stdout]   |                       help: perhaps you intended to use this type: `i32`
[INFO] [stdout] 
[INFO] [stdout] 
[INFO] [stdout] error[E0412]: cannot find type `int` in this scope
[INFO] [stdout]  --> src/lib.rs:5:23
[INFO] [stdout]   |
[INFO] [stdout] 5 | fn add_two(x: int) -> int {
[INFO] [stdout]   |                       ^^^
[INFO] [stdout]   |                       |
[INFO] [stdout]   |                       not found in this scope
[INFO] [stdout]   |                       help: perhaps you intended to use this type: `i32`
[INFO] [stdout] 
[INFO] [stdout] 
[INFO] [stdout] error: invalid suffix `i` for number literal
[INFO] [stdout]   --> src/lib.rs:15:30
[INFO] [stdout]    |
[INFO] [stdout] 15 |         let result = add_two(5i);
[INFO] [stdout]    |                              ^^ invalid suffix `i`
[INFO] [stdout]    |
[INFO] [stdout]    = help: the suffix must be one of the numeric types (`u32`, `isize`, `f32`, etc.)
[INFO] [stdout] 
[INFO] [stdout] 
[INFO] [stdout] error: invalid suffix `i` for number literal
[INFO] [stdout]   --> src/lib.rs:17:20
[INFO] [stdout]    |
[INFO] [stdout] 17 |         assert_eq!(7i, result);
[INFO] [stdout]    |                    ^^ invalid suffix `i`
[INFO] [stdout]    |
[INFO] [stdout]    = help: the suffix must be one of the numeric types (`u32`, `isize`, `f32`, etc.)
[INFO] [stdout] 
[INFO] [stdout] 
[INFO] [stdout] error: aborting due to 4 previous errors
[INFO] [stdout] 
[INFO] [stdout] 
[INFO] [stdout] For more information about this error, try `rustc --explain E0412`.
[INFO] [stdout] 
[INFO] [stderr] error: could not compile `intro` (lib) due to 5 previous errors
[INFO] [stderr] warning: build failed, waiting for other jobs to finish...
[INFO] [stdout] error: aborting due to 6 previous errors
[INFO] [stdout] 
[INFO] [stdout] 
[INFO] [stdout] For more information about this error, try `rustc --explain E0412`.
[INFO] [stdout] 
[INFO] [stderr] error: could not compile `intro` (lib test) due to 7 previous errors
[INFO] running `Command { std: "docker" "inspect" "e233a03286cede7f5785a0397475bb73b6506acc56790e6035168f8e03f2b175", kill_on_drop: false }`
[INFO] running `Command { std: "docker" "rm" "-f" "e233a03286cede7f5785a0397475bb73b6506acc56790e6035168f8e03f2b175", kill_on_drop: false }`
[INFO] [stdout] e233a03286cede7f5785a0397475bb73b6506acc56790e6035168f8e03f2b175
